{"id":3139,"date":"2025-09-10T14:46:53","date_gmt":"2025-09-10T15:46:53","guid":{"rendered":"https:\/\/usism.azores.gov.pt\/wp\/?page_id=3139"},"modified":"2025-09-11T09:04:46","modified_gmt":"2025-09-11T10:04:46","slug":"dia-internacional-da-literacia-8-de-setembro","status":"publish","type":"page","link":"https:\/\/usism.azores.gov.pt\/wp\/?page_id=3139","title":{"rendered":"Dia Internacional da Literacia &#8211; 8 de setembro"},"content":{"rendered":"<p>O dia 8 de setembro assinala o Dia Internacional da Literacia, celebrado desde 1966 pela UNESCO com o objetivo de refor\u00e7ar a import\u00e2ncia da literacia como um direito humano fundamental e como base para a aprendizagem ao longo da vida. O conceito de literacia refere-se \u00e0 capacidade de ler, escrever, compreender e interpretar o que \u00e9 lido; est\u00e1 associado ao alfabetismo e envolve a aptid\u00e3o para utilizar informa\u00e7\u00e3o em diferentes contextos. (<a href=\"#_ftn1\" name=\"_ftnref1\">[1]<\/a>).<\/p>\n<p><strong><em>O que \u00e9 a Literacia em Sa\u00fade?<\/em><\/strong><\/p>\n<p>A literacia em sa\u00fade, por sua vez, define-se como a capacidade de aceder, compreender e utilizar informa\u00e7\u00e3o relevante para promover e manter a sa\u00fade. A Organiza\u00e7\u00e3o Mundial da Sa\u00fade (OMS) reconhece a literacia em sa\u00fade como um determinante em sa\u00fade, uma vez que os n\u00edveis de literacia das comunidades influenciam diretamente os seus indicadores de sa\u00fade (<a href=\"#_ftn2\" name=\"_ftnref2\">[2]<\/a>).<\/p>\n<p><strong><em>Porque \u00e9 importante a Promo\u00e7\u00e3o de Literacia em Sa\u00fade?<\/em><\/strong><\/p>\n<p>N\u00edveis elevados de literacia em sa\u00fade traduzem-se em benef\u00edcios diretos para as popula\u00e7\u00f5es, estando associados a melhores resultados em sa\u00fade, \u00e0 utiliza\u00e7\u00e3o mais adequada e racional dos servi\u00e7os de sa\u00fade, e \u00e0 redu\u00e7\u00e3o dos custos para os indiv\u00edduos, as institui\u00e7\u00f5es e o Estado (<a href=\"#_ftn3\" name=\"_ftnref3\">[3]<\/a>).<\/p>\n<p>Por outro lado, uma pessoa que enfrenta dificuldades ou barreiras no acesso \u00e0 informa\u00e7\u00e3o relevante sobre sa\u00fade, seja pela incapacidade de compreender, interpretar ou aplicar essa informa\u00e7\u00e3o, apresenta uma probabilidade significativamente maior de comprometer a sua sa\u00fade, em virtude dessas limita\u00e7\u00f5es ou barreiras \u00e0 literacia (3).<\/p>\n<p><strong><em>Qual o papel das institui\u00e7\u00f5es de sa\u00fade na promo\u00e7\u00e3o da Literacia em Sa\u00fade?<\/em><\/strong><\/p>\n<p>Enquanto entidades promotoras da sa\u00fade, compete \u00e0s institui\u00e7\u00f5es de sa\u00fade garantir o acesso a informa\u00e7\u00e3o clara, \u00fatil e acess\u00edvel, indo al\u00e9m da simples transmiss\u00e3o de conte\u00fados por parte dos profissionais. A Unidade de Sa\u00fade da Ilha de S\u00e3o Miguel (USISM) tem assumido esta miss\u00e3o, destacando-se pelo seu compromisso com a disponibiliza\u00e7\u00e3o de informa\u00e7\u00e3o em sa\u00fade atrav\u00e9s de diversas plataformas digitais, como o site institucional e as redes sociais (Facebook e Instagram).<\/p>\n<p>Adicionalmente, a USISM colabora com o programa A\u00e7ores Hoje, emitido pela RTP A\u00e7ores, atrav\u00e9s da rubrica \u201cSa\u00fade para Todos\u201d, refor\u00e7ando a sua presen\u00e7a nos meios de comunica\u00e7\u00e3o regionais.<\/p>\n<p>Por meio destas plataformas, a USISM empenha-se em apoiar os utentes na compreens\u00e3o das mensagens de sa\u00fade, promovendo a sua autonomia e contribuindo para o seu empoderamento em sa\u00fade.<\/p>\n<p><strong><em>Como posso aumentar a minha Literacia em Sa\u00fade?<\/em><\/strong><\/p>\n<p>Para desenvolver compet\u00eancias em Literacia em Sa\u00fade recomenda-se que:<\/p>\n<ol>\n<li>Consulte fontes confi\u00e1veis de informa\u00e7\u00e3o em sa\u00fade, como: o Portal SNS, a Dire\u00e7\u00e3o-Geral da Sa\u00fade ou a Organiza\u00e7\u00e3o Mundial da Sa\u00fade.<\/li>\n<li>Siga perfis de institui\u00e7\u00f5es nas redes sociais, evitando conte\u00fados sensacionalistas ou sem base cient\u00edfica.<\/li>\n<li>Participe em a\u00e7\u00f5es formativas. Pontualmente, h\u00e1 informa\u00e7\u00e3o sobre as mesmas na USISM, e no seu site\/ redes sociais ou noutras fontes de informa\u00e7\u00e3o institucionais.<\/li>\n<li>Fa\u00e7a perguntas a profissionais de sa\u00fade: aproveite a oportunidade das consultas para pedir esclarecimentos. Leve apontadas as suas d\u00favidas, para facilitar a comunica\u00e7\u00e3o.<\/li>\n<li>Utilize plataformas digitais educativas (Biblioteca de Literacia em Sa\u00fade \u2013 SNS) ou apps de sa\u00fade (My Sa\u00fade A\u00e7ores; AppSNS24), estas podem ajud\u00e1-lo a compreender melhor temas como medica\u00e7\u00e3o, nutri\u00e7\u00e3o ou preven\u00e7\u00e3o de doen\u00e7as.<\/li>\n<li>Aplique o conhecimento adquirido, adotando h\u00e1bitos saud\u00e1veis na sua rotina di\u00e1ria. A literacia s\u00f3 \u00e9 eficaz em fun\u00e7\u00e3o da ado\u00e7\u00e3o do comportamento saud\u00e1vel de forma persistente.<\/li>\n<li>Partilhe o conhecimento que aprendeu contribuindo para a literacia em sa\u00fade da sua comunidade.<\/li>\n<\/ol>\n<p><strong>Para saber mais:<\/strong><\/p>\n<p>Biblioteca de Literacia em Sa\u00fade: <a href=\"https:\/\/biblioteca.sns.gov.pt\/\">https:\/\/biblioteca.sns.gov.pt\/<\/a><\/p>\n<p>Dire\u00e7\u00e3o-Geral da Sa\u00fade: https:\/\/www.dgs.pt\/<\/p>\n<p>Organiza\u00e7\u00e3o Mundial de Sa\u00fade: https:\/\/www.who.int\/pt\/about<\/p>\n<p>SNS 24:\u00a0 <a href=\"https:\/\/play.google.com\/store\/apps\/details?id=pt.minsaude.spms.ces&amp;hl=pt_PT&amp;gl=US&amp;pli=1\">https:\/\/play.google.com\/store\/apps\/details?id=pt.minsaude.spms.ces&amp;hl=pt_PT&amp;gl=US&amp;pli=1<\/a>;<\/p>\n<p>USISM: https:\/\/usism.azores.gov.pt\/wp\/<\/p>\n<hr \/>\n<p><a href=\"#_ftnref1\" name=\"_ftn1\">[1]<\/a> UNESCO. (n.d.). International Literacy Day. United Nations Educational, Scientific and Cultural Organization. Dispon\u00edvel em <a href=\"https:\/\/www.unesco.org\/en\/days\/literacy-day\">https:\/\/www.unesco.org\/en\/days\/literacy-day<\/a>, acedido a 10\/09\/2025.<\/p>\n<p><a href=\"#_ftnref2\" name=\"_ftn2\">[2]<\/a> Organiza\u00e7\u00e3o Mundial da Sa\u00fade (OMS). (2016). Shanghai Declaration on promoting health in the 2030 Agenda for Sustainable Development. 9th Global Conference on Health Promotion. Dispon\u00edvel em <a href=\"https:\/\/www.who.int\/publications\/i\/item\/WHO-NMH-PND-17.5\">https:\/\/www.who.int\/publications\/i\/item\/WHO-NMH-PND-17.5<\/a>, acedido a 10\/09\/2025<\/p>\n<p><a href=\"#_ftnref3\" name=\"_ftn3\">[3]<\/a> Pleasant, A., O\u2019Leary, C., &amp; Carmona, R. (2020). Health literacy: Global advances with a focus upon the Shanghai Declaration on promoting health in the 2030 Agenda for Sustainable Development. <em>Information Services &amp; Use, 40<\/em>(1\u20132), 131\u2013148. Dispon\u00edvel em <a href=\"https:\/\/doi.org\/10.3233\/ISU-200080\">https:\/\/doi.org\/10.3233\/ISU-200080<\/a>, acedido a 10\/09\/2025<\/p>\n","protected":false},"excerpt":{"rendered":"<p>O dia 8 de setembro assinala o Dia Internacional da Literacia, celebrado desde 1966 pela UNESCO com o objetivo de refor\u00e7ar a import\u00e2ncia da literacia como um direito humano fundamental e como base para a aprendizagem ao longo da vida. O conceito de literacia refere-se \u00e0 capacidade de ler, escrever, compreender e interpretar o que [&hellip;]<\/p>\n","protected":false},"author":8,"featured_media":3140,"parent":3118,"menu_order":0,"comment_status":"closed","ping_status":"closed","template":"","meta":{"footnotes":""},"class_list":["post-3139","page","type-page","status-publish","has-post-thumbnail","hentry"],"_links":{"self":[{"href":"https:\/\/usism.azores.gov.pt\/wp\/index.php?rest_route=\/wp\/v2\/pages\/3139","targetHints":{"allow":["GET"]}}],"collection":[{"href":"https:\/\/usism.azores.gov.pt\/wp\/index.php?rest_route=\/wp\/v2\/pages"}],"about":[{"href":"https:\/\/usism.azores.gov.pt\/wp\/index.php?rest_route=\/wp\/v2\/types\/page"}],"author":[{"embeddable":true,"href":"https:\/\/usism.azores.gov.pt\/wp\/index.php?rest_route=\/wp\/v2\/users\/8"}],"replies":[{"embeddable":true,"href":"https:\/\/usism.azores.gov.pt\/wp\/index.php?rest_route=%2Fwp%2Fv2%2Fcomments&post=3139"}],"version-history":[{"count":3,"href":"https:\/\/usism.azores.gov.pt\/wp\/index.php?rest_route=\/wp\/v2\/pages\/3139\/revisions"}],"predecessor-version":[{"id":3145,"href":"https:\/\/usism.azores.gov.pt\/wp\/index.php?rest_route=\/wp\/v2\/pages\/3139\/revisions\/3145"}],"up":[{"embeddable":true,"href":"https:\/\/usism.azores.gov.pt\/wp\/index.php?rest_route=\/wp\/v2\/pages\/3118"}],"wp:featuredmedia":[{"embeddable":true,"href":"https:\/\/usism.azores.gov.pt\/wp\/index.php?rest_route=\/wp\/v2\/media\/3140"}],"wp:attachment":[{"href":"https:\/\/usism.azores.gov.pt\/wp\/index.php?rest_route=%2Fwp%2Fv2%2Fmedia&parent=3139"}],"curies":[{"name":"wp","href":"https:\/\/api.w.org\/{rel}","templated":true}]}}

<p>O dia 8 de setembro assinala o Dia Internacional da Literacia, celebrado desde 1966 pela UNESCO com o objetivo de reforçar a importância da literacia como um direito humano fundamental e como base para a aprendizagem ao longo da vida. O conceito de literacia refere-se à capacidade de ler, escrever, compreender e interpretar o que é lido; está associado ao alfabetismo e envolve a aptidão para utilizar informação em diferentes contextos. (<a href="#_ftn1" name="_ftnref1">[1]</a>).</p>
<p><strong><em>O que é a Literacia em Saúde?</em></strong></p>
<p>A literacia em saúde, por sua vez, define-se como a capacidade de aceder, compreender e utilizar informação relevante para promover e manter a saúde. A Organização Mundial da Saúde (OMS) reconhece a literacia em saúde como um determinante em saúde, uma vez que os níveis de literacia das comunidades influenciam diretamente os seus indicadores de saúde (<a href="#_ftn2" name="_ftnref2">[2]</a>).</p>
<p><strong><em>Porque é importante a Promoção de Literacia em Saúde?</em></strong></p>
<p>Níveis elevados de literacia em saúde traduzem-se em benefícios diretos para as populações, estando associados a melhores resultados em saúde, à utilização mais adequada e racional dos serviços de saúde, e à redução dos custos para os indivíduos, as instituições e o Estado (<a href="#_ftn3" name="_ftnref3">[3]</a>).</p>
<p>Por outro lado, uma pessoa que enfrenta dificuldades ou barreiras no acesso à informação relevante sobre saúde, seja pela incapacidade de compreender, interpretar ou aplicar essa informação, apresenta uma probabilidade significativamente maior de comprometer a sua saúde, em virtude dessas limitações ou barreiras à literacia (3).</p>
<p><strong><em>Qual o papel das instituições de saúde na promoção da Literacia em Saúde?</em></strong></p>
<p>Enquanto entidades promotoras da saúde, compete às instituições de saúde garantir o acesso a informação clara, útil e acessível, indo além da simples transmissão de conteúdos por parte dos profissionais. A Unidade de Saúde da Ilha de São Miguel (USISM) tem assumido esta missão, destacando-se pelo seu compromisso com a disponibilização de informação em saúde através de diversas plataformas digitais, como o site institucional e as redes sociais (Facebook e Instagram).</p>
<p>Adicionalmente, a USISM colabora com o programa Açores Hoje, emitido pela RTP Açores, através da rubrica “Saúde para Todos”, reforçando a sua presença nos meios de comunicação regionais.</p>
<p>Por meio destas plataformas, a USISM empenha-se em apoiar os utentes na compreensão das mensagens de saúde, promovendo a sua autonomia e contribuindo para o seu empoderamento em saúde.</p>
<p><strong><em>Como posso aumentar a minha Literacia em Saúde?</em></strong></p>
<p>Para desenvolver competências em Literacia em Saúde recomenda-se que:</p>
<ol>
<li>Consulte fontes confiáveis de informação em saúde, como: o Portal SNS, a Direção-Geral da Saúde ou a Organização Mundial da Saúde.</li>
<li>Siga perfis de instituições nas redes sociais, evitando conteúdos sensacionalistas ou sem base científica.</li>
<li>Participe em ações formativas. Pontualmente, há informação sobre as mesmas na USISM, e no seu site/ redes sociais ou noutras fontes de informação institucionais.</li>
<li>Faça perguntas a profissionais de saúde: aproveite a oportunidade das consultas para pedir esclarecimentos. Leve apontadas as suas dúvidas, para facilitar a comunicação.</li>
<li>Utilize plataformas digitais educativas (Biblioteca de Literacia em Saúde – SNS) ou apps de saúde (My Saúde Açores; AppSNS24), estas podem ajudá-lo a compreender melhor temas como medicação, nutrição ou prevenção de doenças.</li>
<li>Aplique o conhecimento adquirido, adotando hábitos saudáveis na sua rotina diária. A literacia só é eficaz em função da adoção do comportamento saudável de forma persistente.</li>
<li>Partilhe o conhecimento que aprendeu contribuindo para a literacia em saúde da sua comunidade.</li>
</ol>
<p><strong>Para saber mais:</strong></p>
<p>Biblioteca de Literacia em Saúde: <a href="https://biblioteca.sns.gov.pt/">https://biblioteca.sns.gov.pt/</a></p>
<p>Direção-Geral da Saúde: https://www.dgs.pt/</p>
<p>Organização Mundial de Saúde: https://www.who.int/pt/about</p>
<p>SNS 24:  <a href="https://play.google.com/store/apps/details?id=pt.minsaude.spms.ces&amp;hl=pt_PT&amp;gl=US&amp;pli=1">https://play.google.com/store/apps/details?id=pt.minsaude.spms.ces&amp;hl=pt_PT&amp;gl=US&amp;pli=1</a>;</p>
<p>USISM: https://usism.azores.gov.pt/wp/</p>
<hr />
<p><a href="#_ftnref1" name="_ftn1">[1]</a> UNESCO. (n.d.). International Literacy Day. United Nations Educational, Scientific and Cultural Organization. Disponível em <a href="https://www.unesco.org/en/days/literacy-day">https://www.unesco.org/en/days/literacy-day</a>, acedido a 10/09/2025.</p>
<p><a href="#_ftnref2" name="_ftn2">[2]</a> Organização Mundial da Saúde (OMS). (2016). Shanghai Declaration on promoting health in the 2030 Agenda for Sustainable Development. 9th Global Conference on Health Promotion. Disponível em <a href="https://www.who.int/publications/i/item/WHO-NMH-PND-17.5">https://www.who.int/publications/i/item/WHO-NMH-PND-17.5</a>, acedido a 10/09/2025</p>
<p><a href="#_ftnref3" name="_ftn3">[3]</a> Pleasant, A., O’Leary, C., &amp; Carmona, R. (2020). Health literacy: Global advances with a focus upon the Shanghai Declaration on promoting health in the 2030 Agenda for Sustainable Development. <em>Information Services &amp; Use, 40</em>(1–2), 131–148. Disponível em <a href="https://doi.org/10.3233/ISU-200080">https://doi.org/10.3233/ISU-200080</a>, acedido a 10/09/2025</p>

<p>O dia 8 de setembro assinala o Dia Internacional da Literacia, celebrado desde 1966 pela UNESCO com o objetivo de reforçar a importância da literacia como um direito humano fundamental e como base para a aprendizagem ao longo da vida. O conceito de literacia refere-se à capacidade de ler, escrever, compreender e interpretar o que [&hellip;]</p>
